the prime factors of b/(-3)*(-1848)/20?
2, 7, 11
Suppose 2060*t - 31619 - 39109 = 2046*t. What are the prime factors of t?
2, 3, 421
Suppose 0 = 3*z + 5*u - 13, 3*z - 2*z + 4*u - 2 = 0. Suppose -5*r - 3*p + 12 = -2, r - z = p. List the prime factors of (-6465)/(-60) - (-1)/r.
2, 3
Let g(r) = 4*r + 16. Let x be g(-5). Let s = -7 + x. List the prime factors of (0 - s)*(-19 + 26).
7, 11
Let w(r) = -r + 16. Let l be w(6). Let h be (-3)/((-12)/l)*2. List the prime factors of h*(1170/25)/3.
2, 3, 13
Suppose -4*k + 140370 = -5*w, 81*w = k + 77*w - 35098. List the prime factors of k.
2, 5, 11, 29
Let s(y) = -5412*y - 3920. What are the prime factors of s(-5)?
2, 5, 13, 89
Let c be 4/2 - (-58 + 0). Suppose -47*l = 12*l - 4012. Let r = l - c. List the prime factors of r.
2
Suppose 0 = 9*m - 11*m + 4, 5*x - m - 20753 = 0. List the prime factors of x.
7, 593
List the prime factors of ((-6)/2 + 10)*(-203520)/(-84).
2, 5, 53
Suppose 0 = 8*b - 14*b - 240. Let u = b + 45. Suppose 0 = -m - 9*x + 4*x + 65, -u*x + 285 = 5*m. What are the prime factors of m?
5, 11
Let s be 60/(72/33 - 2). Let j be (-1 - 3) + (-128)/(-27 - -11). Suppose 5*g - s = -j*p, -151 = -3*g - 4*p + 47. List the prime factors of g.
2, 3, 11
Suppose 0 = -u - z - 3, u - 75*z = -77*z - 8. List the prime factors of 0 - (-1 - 417)*1/u.
11, 19
Let f(u) = u**3 + 16*u**2 - 29*u - 5. Let o be f(-15). Suppose -o*r = -659*r + 3772. List the prime factors of r.
23, 41
Suppose 24*o = 18*o + 6516. Suppose -5*i + 4419 = 4*u, -u = -5*i - 0*i - o. What are the prime factors of u?
3, 367
What are the prime factors of (0/(-2) - -4)/(16/31144)?
2, 17, 229
Let l = 5 - 9. Let p(f) = 27*f + 17. Let i be p(l). Let m = 56 - i. List the prime factors of m.
3, 7
Let q = 22119 + -12949. What are the prime factors of q?
2, 5, 7, 131
Suppose -2 = -3*m - 4*t + 25, 0 = -4*m - 5*t + 36. Suppose -219 = m*s - 12*s. Let u = -17 + s. What are the prime factors of u?
2, 7
Let j(v) = 17*v**2 - v - 3. Let i be j(4). Let w = -227 + i. What are the prime factors of w?
2, 19
Let s be 1/1*(-1)/((-2)/4). Suppose 2*n - 6 + 10 = 0, 2*a - s*n = 778. What are the prime factors of a?
3, 43
Let a(z) = 9502*z**2 - 18*z + 40. Let n be a(2). Suppose -4366 - n = -42*d. List the prime factors of d.
1009
Let z = -16830 - -38068. List the prime factors of z.
2, 7, 37, 41
Suppose -2*m + 2*v = -244 - 110, -4*v - 12 = 0. Let y = m + -131. List the prime factors of y.
43
Let f(q) be the first derivative of -3*q - 38*q**2 + 12*q**2 - 14 + 9 + 8. What are the prime factors of f(-1)?
7
Let b(p) = 37*p + 232. Let d(u) = u**3 - 11*u**2 + 10*u + 9. Let f be d(10). What are the prime factors of b(f)?
5, 113
Let n(u) = -25247*u**3 - 2*u**2 - 119*u - 117. List the prime factors of n(-1).
25247
Let v(h) = 681*h**2 + 112*h + 323. List the prime factors of v(-3).
2, 11, 139
Let p(s) = 42*s**2 - 5*s - 1. Let w(j) = 4*j + 17. Let t be w(-5). What are the prime factors of p(t)?
2, 7
Let s(k) be the second derivative of k**5/10 + 65*k**4/12 - k**3/2 + 8*k**2 - 256*k. List the prime factors of s(-32).
2, 71
Let z(s) = s**3 - 22*s**2 + 102*s - 19. What are the prime factors of z(21)?
2, 29
List the prime factors of ((-93928)/(-295))/(21/10 + -2).
2, 199
Suppose -o - 2 = 0, 2*p - o - 104 - 346 = 0. Let m be (-72)/8 + (143 - -3). Let w = p - m. List the prime factors of w.
3, 29
What are the prime factors of (-26853)/5*2460/(-1476)?
8951
Let v = -556 + -9. Let b = -489 - v. List the prime factors of b.
2, 19
Suppose -3*n + 13 = 2*u - 26, -3*n - 21 = -2*u. Let y(v) = u + 41*v + 5 + 7 - 23*v. What are the prime factors of y(7)?
3, 17
Let i(v) = -v**2 + 6*v + 10. Let o be i(7). Suppose -4*m = -o*x + 930, 5*x - 2133 = 3*m - 594. List the prime factors of x.
2, 3, 17
Suppose -2*h + 3*j = h + 12, 0 = 5*j - 10. Let n be ((-65)/5 - h) + 1. Let z(d) = d**2 + 10*d + 25. List the prime factors of z(n).
5
Let v(d) = -d**3 + 8*d**2 + 6*d - 12. Let y(u) = 2*u + 6. Let f be y(-1). Suppose -26 = -3*p + f*a, 0*p = -p - a + 4. What are the prime factors of v(p)?
2, 3
Suppose 0 = -8*w - 19*w + 26132 + 853717. List the prime factors of w.
32587
Let p(i) = -5455*i + 2924. List the prime factors of p(-8).
2, 7, 1663
Suppose 2013*j - 139040 = 1969*j. List the prime factors of j.
2, 5, 79
Let k(a) be the third derivative of a**5/60 + a**4/8 - a**3/3 - 2*a**2. Let x be k(2). What are the prime factors of 729/12 - (-2)/x?
61
Let k(i) = -i**3 + 5*i - 2. Let j be k(2). List the prime factors of j + 0 + -16*88/(-8).
2, 11
Suppose 2*b + r = 5554, -2*r - 11084 = -404*b + 400*b. What are the prime factors of b?
2, 19, 73
Suppose y = -3*y + 4*a + 24, 4 = -y - 4*a. Let s(h) = 2*h**3 + h - 20*h**2 + 12 + 39*h**2 - 19*h**2 - 2*h. What are the prime factors of s(y)?
2, 17
Let f = 2794 + -1374. Suppose 4*z = -s - z + 716, 2*s = -4*z + f. Suppose -6*k + s + 152 = 0. What are the prime factors of k?
11, 13
Let g be 2/4*((-56)/(-7) - 1580). Suppose -5*j - 81 = -5*p + 74, -3*p + 25 = -j. What are the prime factors of (-22)/187 + g/j?
23
Suppose 14*l + 33606 = -6*l + 29*l. What are the prime factors of l?
2, 1867
Suppose -4*n - 5*z + 108038 = 0, 2*n + 389*z - 393*z = 54058. What are the prime factors of n?
27017
Let r(p) = 2*p**3 + p**2 - 96 - 8*p - 8*p**2 + 89. Let t be r(7). Suppose 0 = -9*b + t + 125. List the prime factors of b.
3, 5
Suppose -27*x = -17*x + 5*v - 453455, 5*x + 2*v = 226726. What are the prime factors of x?
2, 13, 109
Let h = -96 + 98. Suppose -j + 202 = -4*a, -3*a + h*a + 926 = 5*j. Let o = j - 16. What are the prime factors of o?
2, 5, 17
Suppose 211*a - 217*a + 53694 = 0. Suppose a + 11121 = 30*z. What are the prime factors of z?
3, 223
What are the prime factors of ((-1)/(-1))/((-129)/(-1161)) - -683?
2, 173
Let l be (0 - -2) + (-24)/(-4). Suppose -n + l - 2 = 0. Suppose 6*h - 147 = 3*h - 3*a, 2*a - n = 0. What are the prime factors of h?
2, 23
Let o = 841 + -839. Suppose -4*d + 5*x + 355 = d, -2*d = -3*x - 141. Suppose -20 = 5*k, d = c + o*k - 26. What are the prime factors of c?
2, 53
Let r(d) = -d**3 + 14*d**2 + d - 14. Let v be r(14). Let h(l) = -5*l + 23374. Let z be h(v). What are the prime factors of 2 + z/195 + 4/30?
2, 61
Let q = 42476 - 8305. What are the prime factors of q?
34171
Let g = -4 + 2. List the prime factors of (8848/6 - 2) + g/3.
2, 23
Let b(i) = 66*i**3 + 55*i**2 - 434*i + 15. What are the prime factors of b(8)?
3, 5, 37, 61
Let r = -13949 - -28154. List the prime factors of r.
3, 5, 947
Let g(z) be the first derivative of -79*z**2/2 - 24*z + 61. What are the prime factors of g(-2)?
2, 67
Let o(i) = 540*i**2 - 121*i - 594. What are the prime factors of o(-5)?
59, 229
Suppose 255 = -5*d + 10*d + 2*u, -d - 2*u = -51. List the prime factors of d.
3, 17
Suppose -33*b = -79610 + 2786. Let a = b + -1355. List the prime factors of a.
7, 139
Let w be 3 - 12/(8/2). Suppose -5*n - 20 = w, 2*p + 3*n - 1185 = -p. List the prime factors of p.
3, 7, 19
Let a = -15 - -236. Suppose 0*m + 4*d = m - a, 5*m - d - 1048 = 0. List the prime factors of m.
11, 19
Let w = 1438 - 2147. Let i = w + 1152. List the prime factors of i.
443
Suppose -65 = -2*s - 71, 0 = 4*j + s - 64757. List the prime factors of j.
2, 5, 1619
Suppose -2*t + a = 0, 5*a - 5 = -2*t + 7. Suppose i = -2*i + v - 1, -t = -4*i - v. Let n = 34 + i. What are the prime factors of n?
2, 17
What are the prime factors of (-1326)/(-1768)*(23356/(-3))/(-1)?
5839
Let q(r) = 75*r + 6. Let j be q(-2). Let t = 226 - j. List the prime factors of t.
2, 5, 37
Let b(u) = -2*u + 11. Let f be b(9). Let i be f/(-21)*0/(-3). Suppose i = -0*a - 5*a + 150. What are the prime factors of a?
2, 3, 5
Suppose 322476 = 820*q - 799*q. List the prime factors of q.
2, 11, 349
Let a(x) = -x. Let h be a(4). Let g be 3/(-10) + 396/120 - -33. Let p = h + g. List the prime factors of p.
2
Let h(w) = -1297*w**3 - w**2 + 32*w + 73. List the prime factors of h(-2).
7, 1483
Let x(l) = 315*l + 407. What are the prime factors of x(22)?
11, 23, 29
Let d = 24126 - -8229. What are the prime factors of d?
3, 5, 719
Let w(u) = 932*u + 638. What are the prime factors of w(6)?
2, 5, 7, 89
Let g(y) = -2*y**3 - 5*y**2 - 5*y - 6. Let i be g(-2). Suppose i = 26*r - 37*r + 22935. List the prime factors of r.
3, 5, 139
Let j(v) be the second derivative of 43*v**4/12 - 5*v*